
1
What is the tens digit of 62888?
8
What is the hundreds digit of 472?
4
What is the units digit of 1213?
3
What is the hundreds digit of 13625?
6
What is the units digit of 968?
8
What is the hundreds digit of 4572?
5
What is the units digit of 6597?
7
What is the thousands digit of 58984?
8
What is the hundreds digit of 29780?
7
What is the units digit of 20924?
4
What is the hundreds digit of 2999?
9
What is the tens digit of 6709?
0
What is the hundreds digit of 5894?
8
What is the tens digit of 146161?
6
What is the hundreds digit of 179112?
1
What is the hundreds digit of 3458?
4
What is the thousands digit of 1174?
1
What is the tens digit of 25786?
8
What is the ten thousands digit of 89806?
8
What is the tens digit of 4665?
6
What is the units digit of 144528?
8
What is the units digit of 2337?
7
What is the hundreds digit of 251?
2
What is the hundreds digit of 7179?
1
What is the tens digit of 4079?
7
What is the thousands digit of 1235?
1
What is the units digit of 76639?
9
What is the ten thousands digit of 15503?
1
What is the ten thousands digit of 20288?
2
What is the hundreds digit of 2090?
0
What is the units digit of 7377?
7
What is the ten thousands digit of 17083?
1
What is the units digit of 572?
2
What is the units digit of 2623?
3
What is the thousands digit of 1867?
1
What is the hundreds digit of 14114?
1
What is the ten thousands digit of 14010?
1
What is the tens digit of 966?
6
What is the units digit of 3202?
2
What is the hundreds digit of 11185?
1
What is the units digit of 4478?
8
What is the hundreds digit of 1014?
0
What is the hundreds digit of 7729?
7
What is the thousands digit of 1092?
1
What is the tens digit of 47008?
0
What is the thousands digit of 1076?
1
What is the units digit of 26693?
3
What is the hundreds digit of 14928?
9
What is the thousands digit of 2120?
2
What is the tens digit of 19774?
7
What is the tens digit of 498?
9
What is the units digit of 3?
3
What is the tens digit of 86487?
8
What is the thousands digit of 3833?
3
What is the thousands digit of 6627?
6
What is the tens digit of 33039?
3
What is the thousands digit of 1735?
1
What is the units digit of 57001?
1
What is the tens digit of 60110?
1
What is the hundreds digit of 4706?
7
What is the tens digit of 75?
7
What is the ten thousands digit of 41831?
4
What is the units digit of 33531?
1
What is the tens digit of 86?
8
What is the hundreds digit of 35671?
6
What is the tens digit of 1902?
0
What is the hundreds digit of 94085?
0
What is the thousands digit of 2654?
2
What is the hundreds digit of 587?
5
What is the thousands digit of 29785?
9
What is the hundreds digit of 207?
2
What is the thousands digit of 3312?
3
What is the thousands digit of 47117?
7
What is the hundreds digit of 31208?
2
What is the tens digit of 1712?
1
What is the tens digit of 6547?
4
What is the ten thousands digit of 11039?
1
What is the tens digit of 727?
2
What is the ten thousands digit of 51780?
5
What is the hundreds digit of 14906?
9
What is the units digit of 155401?
1
What is the units digit of 2365?
5
What is the units digit of 22?
2
What is the thousands digit of 5978?
5
What is the thousands digit of 8587?
8
What is the units digit of 3117?
7
What is the hundreds digit of 175768?
7
What is the thousands digit of 61109?
1
What is the units digit of 1184?
4
What is the hundreds digit of 7344?
3
What is the units digit of 10830?
0
What is the units digit of 5684?
4
What is the tens digit of 13301?
0
What is the thousands digit of 2689?
2
What is the thousands digit of 43989?
3
What is the units digit of 317?
7
What is the thousands digit of 13654?
3
What is the units digit of 830?
0
What is the units digit of 93344?
4
What is the tens digit of 20?
2
What is the tens digit of 724?
2
What is the thousands digit of 89965?
9
What is the units digit of 44340?
0
What is the ten thousands digit of 14221?
1
What is the tens digit of 117?
1
What is the hundreds digit of 57344?
3
What is the tens digit of 3381?
8
What is the hundreds digit of 10176?
1
What is the units digit of 1276?
6
What is the units digit of 820?
0
What is the units digit of 17686?
6
What is the tens digit of 578?
7
What is the hundreds digit of 164909?
9
What is the units digit of 3962?
2
What is the thousands digit of 26241?
6
What is the hundreds digit of 18012?
0
What is the units digit of 107242?
2
What is the thousands digit of 20506?
0
What is the tens digit of 4413?
1
What is the tens digit of 69044?
4
What is the hundreds digit of 4627?
6
What is the thousands digit of 76164?
6
What is the thousands digit of 13364?
3
What is the units digit of 4960?
0
What is the hundreds digit of 7525?
5
What is the ten thousands digit of 71181?
7
What is the units digit of 2011?
1
What is the thousands digit of 1707?
1
What is the hundreds digit of 23311?
3
What is the hundreds digit of 2269?
2
What is the units digit of 48816?
6
What is the units digit of 61060?
0
What is the tens digit of 4600?
0
What is the tens digit of 29334?
3
What is the thousands digit of 17849?
7
What is the units digit of 76016?
6
What is the units digit of 6284?
4
What is the tens digit of 546?
4
What is the thousands digit of 1868?
1
What is the units digit of 4337?
7
What is the units digit of 935?
5
What is the thousands digit of 3700?
3
What is the hundreds digit of 7537?
5
What is the tens digit of 8670?
7
What is the ten thousands digit of 14104?
1
What is the tens digit of 11520?
2
What is the thousands digit of 7648?
7
What is the hundreds digit of 23995?
9
What is the units digit of 5700?
0
What is the units digit of 314?
4
What is the tens digit of 506?
0
What is the units digit of 2236?
6
What is the thousands digit of 2723?
2
What is the thousands digit of 20150?
0
What is the units digit of 3442?
2
What is the units digit of 135661?
1
What is the units digit of 16126?
6
What is the tens digit of 1016?
1
What is the units digit of 1637?
7
What is the hundreds digit of 58154?
1
What is the tens digit of 6323?
2
What is the hundreds digit of 5732?
7
What is the ten thousands digit of 54660?
5
What is the hundreds digit of 3836?
8
What is the units digit of 24608?
8
What is the thousands digit of 25227?
5
What is the units digit of 2261?
1
What is the tens digit of 4683?
8
What is the tens digit of 52835?
3
What is the units digit of 106188?
8
What is the units digit of 25567?
7
What is the units digit of 16819?
9
What is the tens digit of 7077?
7
What is the thousands digit of 53861?
3
What is the tens digit of 19403?
0
What is the tens digit of 1798?
9
What is the tens digit of 885?
8
What is the thousands digit of 73677?
3
What is the hundreds digit of 10348?
3
What is the hundreds digit of 523?
5
What is the units digit of 1195?
5
What is the hundreds digit of 6856?
8
What is the units digit of 60146?
6
What is the tens digit of 67687?
8
What is the units digit of 461?
1
What is the units digit of 6337?
7
What is the tens digit of 25289?
8
What is the units digit of 880?
0
What is the hundreds digit of 3104?
1
What is the hundreds digit of 12099?
0
What is the tens digit of 117810?
1
What is the tens digit of 67904?
0
What is the units digit of 5778?
8
What is the tens digit of 19308?
0
What is the hundreds digit of 35461?
4
What is the tens digit of 25710?
1
What is the units digit of 340?
0
What is the hundreds digit of 365?
3
What is the units digit of 118?
8
What is the hundreds digit of 5246?
2
What is the ten thousands digit of 68359?
6
What is the tens digit of 317?
1
What is the units digit of 52624?
4
What is the hundreds digit of 26884?
8
What is the hundreds digit of 44601?
6
What is the hundreds digit of 17790?
7
What is the units digit of 50724?
4
What is the thousands digit of 14612?
4
What is the hundreds digit of 560?
5
What is the hundreds digit of 1472?
4
What is the thousands digit of 5923?
5
What is the tens digit of 361?
6
What is the tens digit of 2737?
3
What is the hundreds digit of 5517?
5
What is the ten thousands digit of 32377?
3
What is the hundreds digit of 75773?
7
What is the hundreds digit of 1828?
8
What is the thousands digit of 28296?
8
What is the units digit of 105?
5
What is the tens digit of 25263?
6
What is the hundreds digit of 44034?
0
What i